ose 38 = -3*f - 5*m, 10 = 2*f - 3*f - m. Let w = f - 0. Let k(a) = -a**3 - 4*a**2 + 3*a + 1. Is k(w) composite?
True
Let o(b) = -b**3 + b**2 - 8*b - 9. Let p = -11 - -7. Is o(p) composite?
False
Suppose 2*y - 1974 = 3*x, y - 3*x - 981 = -0*x. Is y composite?
True
Let f = 4 + -3. Suppose -j - f = -16. Let i = j + 10. Is i composite?
True
Suppose 44 = -4*s + 3*j, -6*s + 2*s - 5*j = 44. Let o(k) = -28*k + 9. Is o(s) composite?
False
Let m(z) = 19*z + 8*z + 9*z - 19. Is m(8) a composite number?
False
Suppose 5*r - 1174 = -4*y + 711, r = y + 368. Is r a prime number?
True
Let o be 0 + 1 + -1 - 2. Let l be -5*(o + 4/5). Suppose f = -0*f + l. Is f a composite number?
True
Suppose 0 = -5*h + 1 + 9. Is h a composite number?
False
Let d be 45 - 1/(3/(-9)). Let l = d - 27. Is l a prime number?
False
Let v(m) = 10*m - 1. Let f = 6 + -5. Suppose f = -2*l + 2*z - 5, l + 5*z = 27. Is v(l) composite?
False
Let o be (-43)/(-3) + (-2)/(-3). Let s be (-7)/((-12)/o + 1). Let g = -16 - s. Is g a composite number?
False
Let o = 586 - -201. Is o a composite number?
False
Suppose 382 = q + 2*l - 90, -3*l - 1943 = -4*q. Is q composite?
True
Let k(s) = 4*s**2 + 11 - 3*s**2 + 0. Is k(0) a prime number?
True
Suppose 3*u - 2*u - 4 = 0. Suppose -10 = -u*a + 3*a. Is a prime?
False
Let a = 160 - -99. Is a a composite number?
True
Let w(l) = -14*l**2 + 2. Let d be w(2). Let o = -33 - d. Is o composite?
True
Suppose 0*y + 4*y - 2*n = 4, 0 = -3*y - 5*n + 3. Let c be y/2 - 657/(-6). Suppose -i = i - c. Is i prime?
False
Let d(g) = 2*g**2 + 5. Let y = 11 + -6. Let s = -9 + y. Is d(s) a prime number?
True
Let r(u) = u**2 - 4. Let o be r(2). Suppose n + 23 - 66 = o. Is n a prime number?
True
Suppose 3*q = 4*q - 3*z + 27, 3*q - 2*z = -102. Is (-9)/q - (-822)/8 a prime number?
True
Let d be 4 - ((-1)/(-1))/1. Suppose d*y = c - 15 - 1, 0 = c + 5*y - 24. Is c composite?
False
Is (3 + 21/(-6))*-322 a prime number?
False
Suppose 5*z + 15 = 0, -2*z - 2*z = 5*q - 5353. Is q a prime number?
False
Let w be (0 + -99 - -2)/1. Let y = 196 + w. Let x = y + -60. Is x a prime number?
False
Suppose -5*c = -0*c. Let y(i) = -i**3 + 6*i**2 - 2*i + 7. Let z be y(5). Suppose c = b + b - z. Is b a composite number?
False
Let m(o) = o**2 + 4*o - 5. Let z be m(-5). Suppose -3*i + 12 = -z. Suppose 3*y + 5*a = 282, -i*a + 371 = 4*y + a. Is y composite?
False
Suppose -635 = 82*f - 87*f. Is f a composite number?
False
Suppose 780 = -0*z + 12*z. Is z a prime number?
False
Is 3196/4 - (2 - 0) prime?
True
Let p(a) = a**3 - 2*a**2 + 2*a - 2. Let s be p(2). Let k(i) = 7*i**2 - i + 3*i**s + 1 + 0*i**2. Is k(1) composite?
True
Suppose -a = -3*k + 67, -2*a = -0*a + 8. Is 2/(-3) + 1169/k composite?
True
Let c(g) = g + 1. Let d(u) = -8*u - 1. Let n(o) = 2*c(o) + d(o). Let a(x) = x - 3. Let i be a(2). Is n(i) composite?
False
Let g = 10 + -4. Suppose -g = -m + 4*m. Is -7*11*(m + 1) a prime number?
False
Is (191*1)/(-5*(-4)/140) composite?
True
Is 18992/12 - (-2)/6 a composite number?
False
Suppose -4*l = -68 - 1848. Is l prime?
True
Let q = 2895 + -1942. Is q a composite number?
False
Is (-2)/(-7) + 514/14 a composite number?
False
Suppose -4*t - 5*s + 22 = 0, 5*t = t + 4*s + 4. Suppose -5*o = -t*o - 8. Suppose 2*a = -5*z + 163, -z + 78 = z + o*a. Is z a composite number?
False
Let g be 10/15 + (-1)/(-3). Let d be g + 1 + 1 + -86. Is (0 + d)*(3 + -4) a composite number?
False
Let j be (-17)/(4/8*-2). Let q(a) = 14*a - 1. Is q(j) prime?
False
Let g be 5 - (3 - 5) - 3. Suppose 0*n - 3*d = g*n - 288, 4*d + 329 = 5*n. Is n a composite number?
True
Let c be 2/(-3)*(-2 + -4). Suppose 0 = -c*w - 2*z + 194, -305 + 56 = -5*w + 4*z. Is w prime?
False
Let n = -5 + 62. Let i = n + -2. Is i a prime number?
False
Let w(v) = -7*v**3 - 3*v**2 + 2*v + 2. Let o be w(-3). Let y = 47 + -44. Suppose -5*l - 182 = -3*p, -2*p - y*l = l - o. Is p composite?
True
Suppose -4*r - 2*a - 8 = 0, 4*r + r = 5*a - 10. Let i be 254/r*10/(-2). Suppose -u = -0*u, u = -5*y + i. Is y a prime number?
True
Is 0 - (-4)/((-12)/(-207)) a composite number?
True
Suppose -2*h + 3*h = -5. Let b be (-2 - 0)/(2/h). Suppose -3 = b*x + 22, 3*p - 4*x - 179 = 0. Is p composite?
False
Suppose 74 = o - 37. Is 16/4 - o*-1 prime?
False
Let a be ((-124)/8)/(2/(-20)). Suppose -3*s = -6*s + 5*u + a, 2*s + 4*u = 118. Let k = -18 + s. Is k prime?
True
Let o = -17 + 3. Is 4/o - 4590/(-42) prime?
True
Let d = -1 + 0. Is 3/6*(-26)/d a composite number?
False
Suppose -4*l = 4*g - 0*l + 16, -4*g - 2*l = 8. Suppose m + 4*o - 3 = g, -3*m - 3*o + 6 = -3. Suppose -m*h - 105 = -8*h. Is h composite?
True
Suppose -j = -1 + 5. Is (-90)/(-4) + 2/j a composite number?
True
Let x(y) = 146*y + 11. Let a(h) = -2*h + 35*h + 7 + 87*h - 23*h. Let l(p) = 8*a(p) - 5*x(p). Is l(4) a composite number?
True
Let n(j) = j**3 + 5*j**2 + 5. Let g be n(-5). Is (1/(-3))/(g/(-195)) prime?
True
Is (-4630)/15*(-3)/2 a composite number?
False
Let a(c) = c**2 - 1. Let t(f) = -3*f**2 + 7*f - 1. Let n(k) = -2*a(k) - t(k). Let h be n(7). Suppose -28 = -h*x - x. Is x a composite number?
False
Let q be ((-6)/(-4))/((-2)/(-4)). Suppose -q*m = 3*u - 7*u + 75, 2*m + 38 = 2*u. Suppose -3*l + 45 = -u. Is l prime?
False
Let x be (10*1)/(3 + -2). Let j = x - 6. Suppose -76 = -j*u + 80. Is u composite?
True
Let c be 1*(-2 - 1)*1. Let n = -2 + -3. Let y = c - n. Is y a composite number?
False
Let b = -231 - -380. Is b composite?
False
Is 6*-4*9/(-24) prime?
False
Suppose a + 2*k = 5*a + 26, 0 = -4*a - k - 41. Is ((-6)/a + 0)*123 prime?
False
Suppose 20 = k - 5*t, -3*t - 7 - 5 = 3*k. Suppose 2*j - 4*o + 6 = 0, -2*o + 8 + 0 = 0. Suppose 20 = 5*u - 0, -3*z - j*u + 83 = k. Is z composite?
True
Let t be ((-1)/(-2))/(1/22). Suppose 2*m = 3*m - t. Is m composite?
False
Let u be (1 - -841)*(5 + 0). Let g = 665 - u. Is 4/18 - g/45 composite?
False
Let w = -11 - -11. Is 2*(w - (-537)/6) a prime number?
True
Let t be -3*(0 - -1) + 4. Is 184/(-16)*-2*t composite?
False
Suppose 7*f - 1208 = 3*f. Let w = f - 147. Is w a composite number?
True
Let o(b) = 7*b + b + 4*b. Let w be o(1). Let y = 21 + w. Is y a composite number?
True
Let z(x) = -38*x - 1. Let t be z(2). Let l = -146 - t. Let f = -20 - l. Is f a composite number?
True
Suppose -20 = -6*c + c. Suppose -4 - c = -4*z. Is 3 + 2*16/z a prime number?
True
Suppose 0 = -w + 3*f - f - 1, -w - 3*f = 11. Let v(j) = 6*j**2 - 2*j. Let m be v(w). Suppose h - 2*g - m = 3*g, 0 = -3*h - g + 560. Is h prime?
False
Let q be (519 + 3)/(-1) - -3. Is q/(-21) - (-2)/7 prime?
False
Suppose 4 = 2*g - 2*c, -4*g = -3*g + 4*c + 8. Is -2*((-1964)/8 - g) composite?
False
Let x(j) = -79*j + 2. Let y be x(1). Let b = y + 156. Is b composite?
False
Let b be 2/(-3) - 28/(-6). Suppose 60 = -b*y + 220. Let r = y + -19. Is r a prime number?
False
Let x = 19 - 5. Let t = 6 - x. Let n(q) = -q**3 - 8*q**2 - q - 4. Is n(t) a prime number?
False
Let b(r) = r + 519. Is b(0) composite?
True
Let d = 5714 + -1297. Is d prime?
False
Suppose -5*u + 33 - 3 = 0. Is (u/4)/(12/3352) a composite number?
False
Suppose -50 = 2*h - 0*h. Let z = h + 41. Suppose 2*m - 4*c = 38 + z, -c + 36 = m. Is m a composite number?
True
Let t = 365 + -654. Let n = 788 + t. Is n a prime number?
True
Suppose 5*k + 25 = h, -21 = 2*h + 4*k - 1. Suppose t - 2*t + 149 = h. Is t a composite number?
False
Is (-4)/10 - (-1735)/25 prime?
False
Suppose 0 = -2*t - 3 - 5. Let r(m) = m**2 + 4*m - 4. Let s be r(t). Is (-879)/(-15) - s/10 a prime number?
True
Let b = 1268 + -555. Let w = -294 + b. Is w a prime number?
True
Let n(s) = 4*s**2 + 2*s + 7. Is n(-8) a prime number?
False
Let u(c) = -3421*c**3 + 2*c**2 - c. Let w be u(1). Let j = w + 5113. Is j composite?
False
Suppose 2*z + 1 = 7. Let s be 1/z - (-32)/12. Suppose -s*f = 129 - 702. Is f composite?
False
Suppose -5*n = -6*n + 8. Suppose 3*o - n*o + 155 = 0. Is o prime?
True
Let x be ((-2)/4)/((-2)/20). Suppose 5*b = -u + 26, -4*b = -x*u - b + 242. Is u composite?
True
Let m be 22*10 - (-1 + -2). Let t = m + -152. Suppose -3*j - 2*d + t = 0, 7*j + d - 123 = 2*j. Is j composite?
True
Let j be -1*(-7 - -2)*3. Suppose 0*c + j = 3*c. Suppose -2*z = c*f + z - 250, -f = 2*z - 57. Is f composite?
False
Let f(h) = -6*h - 1. Let b be f(-1). Suppose 20 = -4*q, 0*t - 3*q - 40 = b*t. Is 2 - (-1 - t) - -55 a composite numb